[INFO] fetching crate actoriwc 1.0.1...
[INFO] checking actoriwc-1.0.1 against try#72f88fc4e9458f89516a0b8b0868f3718aec5b47 for pr-74989
[INFO] extracting crate actoriwc 1.0.1 into /workspace/builds/worker-9/source
[INFO] validating manifest of crates.io crate actoriwc 1.0.1 on toolchain 72f88fc4e9458f89516a0b8b0868f3718aec5b47
[INFO] running `Command { std: "/workspace/cargo-home/bin/cargo" "+72f88fc4e9458f89516a0b8b0868f3718aec5b47" "read-manifest" "--manifest-path" "Cargo.toml", kill_on_drop: false }`
[INFO] started tweaking crates.io crate actoriwc 1.0.1
[INFO] finished tweaking crates.io crate actoriwc 1.0.1
[INFO] tweaked toml for crates.io crate actoriwc 1.0.1 written to /workspace/builds/worker-9/source/Cargo.toml
[INFO] running `Command { std: "/workspace/cargo-home/bin/cargo" "+72f88fc4e9458f89516a0b8b0868f3718aec5b47" "generate-lockfile" "--manifest-path" "Cargo.toml" "-Zno-index-update", kill_on_drop: false }`
[INFO] running `Command { std: "/workspace/cargo-home/bin/cargo" "+72f88fc4e9458f89516a0b8b0868f3718aec5b47" "fetch" "--locked" "--manifest-path" "Cargo.toml", kill_on_drop: false }`
[INFO] [stderr]  Downloading crates ...
[INFO] [stderr]   Downloaded actori-tls v1.0.0
[INFO] [stderr]   Downloaded actori-connect v1.0.2
[INFO] [stderr]   Downloaded actori-macros v0.1.1
[INFO] [stderr]   Downloaded actori-threadpool v0.3.1
[INFO] [stderr]   Downloaded actori-rt v1.0.0
[INFO] [stderr]   Downloaded actori-codec v0.2.0
[INFO] [stderr]   Downloaded actori-utils v1.0.6
[INFO] [stderr]   Downloaded actori-service v1.0.5
[INFO] [stderr]   Downloaded actori-server v1.0.1
[INFO] [stderr]   Downloaded actori-http v1.0.1
[INFO] running `Command { std: "docker" "create" "-v" "/var/lib/crater-agent-workspace/builds/worker-9/target:/opt/rustwide/target:rw,Z" "-v" "/var/lib/crater-agent-workspace/builds/worker-9/source:/opt/rustwide/workdir:ro,Z" "-v" "/var/lib/crater-agent-workspace/cargo-home:/opt/rustwide/cargo-home:ro,Z" "-v" "/var/lib/crater-agent-workspace/rustup-home:/opt/rustwide/rustup-home:ro,Z" "-e" "SOURCE_DIR=/opt/rustwide/workdir" "-e" "CARGO_TARGET_DIR=/opt/rustwide/target" "-e" "CARGO_HOME=/opt/rustwide/cargo-home" "-e" "RUSTUP_HOME=/opt/rustwide/rustup-home" "-w" "/opt/rustwide/workdir" "-m" "1610612736" "--user" "0:0" "--network" "none" "rustops/crates-build-env@sha256:d92eaeed33fa75130ca1ee6c8a01d1ffb62bac859dfdfb3450e3e5d1c0146529" "/opt/rustwide/cargo-home/bin/cargo" "+72f88fc4e9458f89516a0b8b0868f3718aec5b47" "metadata" "--no-deps" "--format-version=1", kill_on_drop: false }`
[INFO] [stdout] dc137636781683670d5b408e29c93102b435c6a3f8627c19f9ec22eac63453ab
[INFO] [stderr] WARNING: Your kernel does not support swap limit capabilities or the cgroup is not mounted. Memory limited without swap.
[INFO] running `Command { std: "docker" "start" "-a" "dc137636781683670d5b408e29c93102b435c6a3f8627c19f9ec22eac63453ab", kill_on_drop: false }`
[INFO] running `Command { std: "docker" "inspect" "dc137636781683670d5b408e29c93102b435c6a3f8627c19f9ec22eac63453ab", kill_on_drop: false }`
[INFO] running `Command { std: "docker" "rm" "-f" "dc137636781683670d5b408e29c93102b435c6a3f8627c19f9ec22eac63453ab", kill_on_drop: false }`
[INFO] [stdout] dc137636781683670d5b408e29c93102b435c6a3f8627c19f9ec22eac63453ab
[INFO] running `Command { std: "docker" "create" "-v" "/var/lib/crater-agent-workspace/builds/worker-9/target:/opt/rustwide/target:rw,Z" "-v" "/var/lib/crater-agent-workspace/builds/worker-9/source:/opt/rustwide/workdir:ro,Z" "-v" "/var/lib/crater-agent-workspace/cargo-home:/opt/rustwide/cargo-home:ro,Z" "-v" "/var/lib/crater-agent-workspace/rustup-home:/opt/rustwide/rustup-home:ro,Z" "-e" "SOURCE_DIR=/opt/rustwide/workdir" "-e" "CARGO_TARGET_DIR=/opt/rustwide/target" "-e" "CARGO_INCREMENTAL=0" "-e" "RUST_BACKTRACE=full" "-e" "RUSTFLAGS=--cap-lints=forbid" "-e" "CARGO_HOME=/opt/rustwide/cargo-home" "-e" "RUSTUP_HOME=/opt/rustwide/rustup-home" "-w" "/opt/rustwide/workdir" "-m" "1610612736" "--user" "0:0" "--network" "none" "rustops/crates-build-env@sha256:d92eaeed33fa75130ca1ee6c8a01d1ffb62bac859dfdfb3450e3e5d1c0146529" "/opt/rustwide/cargo-home/bin/cargo" "+72f88fc4e9458f89516a0b8b0868f3718aec5b47" "check" "--frozen" "--all" "--all-targets" "--message-format=json", kill_on_drop: false }`
[INFO] [stdout] 7340e9d913ed3af135c795c8b88ca811c621c57cab8636840777e6d38fa9130f
[INFO] [stderr] WARNING: Your kernel does not support swap limit capabilities or the cgroup is not mounted. Memory limited without swap.
[INFO] running `Command { std: "docker" "start" "-a" "7340e9d913ed3af135c795c8b88ca811c621c57cab8636840777e6d38fa9130f", kill_on_drop: false }`
[INFO] [stderr]     Checking once_cell v1.4.1
[INFO] [stderr]    Compiling getrandom v0.1.15
[INFO] [stderr]     Checking spin v0.5.2
[INFO] [stderr]     Checking untrusted v0.7.1
[INFO] [stderr]    Compiling typenum v1.12.0
[INFO] [stderr]     Checking ppv-lite86 v0.2.9
[INFO] [stderr]    Compiling serde v1.0.116
[INFO] [stderr]     Checking match_cfg v0.1.0
[INFO] [stderr]     Checking linked-hash-map v0.5.3
[INFO] [stderr]     Checking opaque-debug v0.2.3
[INFO] [stderr]     Checking base64 v0.11.0
[INFO] [stderr]     Checking futures-channel v0.3.5
[INFO] [stderr]    Compiling num-traits v0.2.12
[INFO] [stderr]    Compiling num-integer v0.1.43
[INFO] [stderr]    Compiling ring v0.16.15
[INFO] [stderr]    Compiling brotli-sys v0.3.2
[INFO] [stderr]     Checking http v0.2.1
[INFO] [stderr]     Checking log v0.4.11
[INFO] [stderr]     Checking signal-hook-registry v1.2.1
[INFO] [stderr]     Checking backtrace v0.3.50
[INFO] [stderr]     Checking hostname v0.3.1
[INFO] [stderr]     Checking socket2 v0.3.15
[INFO] [stderr]     Checking time v0.1.44
[INFO] [stderr]     Checking atty v0.2.14
[INFO] [stderr]     Checking openssl-sys v0.9.58
[INFO] [stderr]     Checking flate2 v1.0.17
[INFO] [stderr]     Checking threadpool v1.8.1
[INFO] [stderr]     Checking futures-task v0.3.5
[INFO] [stderr]     Checking lru-cache v0.1.2
[INFO] [stderr]     Checking resolv-conf v0.6.3
[INFO] [stderr]     Checking mio v0.6.22
[INFO] [stderr]     Checking tracing v0.1.19
[INFO] [stderr]     Checking env_logger v0.6.2
[INFO] [stderr]    Compiling pin-project-internal v0.4.23
[INFO] [stderr]    Compiling futures-macro v0.3.5
[INFO] [stderr]    Compiling derive_more v0.99.10
[INFO] [stderr]    Compiling actori-macros v0.1.1
[INFO] [stderr]    Compiling async-trait v0.1.40
[INFO] [stderr]    Compiling enum-as-inner v0.3.3
[INFO] [stderr]    Compiling failure_derive v0.1.8
[INFO] [stderr]     Checking rand_core v0.5.1
[INFO] [stderr]     Checking openssl v0.10.30
[INFO] [stderr]     Checking rand_chacha v0.2.2
[INFO] [stderr]     Checking mio-uds v0.6.8
[INFO] [stderr]     Checking rand v0.7.3
[INFO] [stderr]     Checking tokio v0.2.22
[INFO] [stderr]     Checking generic-array v0.12.3
[INFO] [stderr]     Checking chrono v0.4.15
[INFO] [stderr]     Checking digest v0.8.1
[INFO] [stderr]     Checking block-buffer v0.7.3
[INFO] [stderr]     Checking failure v0.1.8
[INFO] [stderr]     Checking sha-1 v0.8.2
[INFO] [stderr]     Checking pin-project v0.4.23
[INFO] [stderr]     Checking futures-util v0.3.5
[INFO] [stderr]     Checking webpki v0.21.3
[INFO] [stderr]     Checking sct v0.6.0
[INFO] [stderr]     Checking rustls v0.16.0
[INFO] [stderr]     Checking webpki-roots v0.17.0
[INFO] [stderr]     Checking tokio-util v0.2.0
[INFO] [stderr]     Checking tokio-openssl v0.4.0
[INFO] [stderr]     Checking tokio-util v0.3.1
[INFO] [stderr]     Checking actori-codec v0.2.0
[INFO] [stderr]     Checking actori-threadpool v0.3.1
[INFO] [stderr]     Checking brotli2 v0.3.2
[INFO] [stderr]     Checking serde_urlencoded v0.6.1
[INFO] [stderr]     Checking serde_json v1.0.57
[INFO] [stderr]     Checking tokio-rustls v0.12.3
[INFO] [stderr]     Checking futures-executor v0.3.5
[INFO] [stderr]     Checking actori-service v1.0.5
[INFO] [stderr]     Checking h2 v0.2.6
[INFO] [stderr]     Checking futures v0.3.5
[INFO] [stderr]     Checking actori-rt v1.0.0
[INFO] [stderr]     Checking trust-dns-proto v0.18.0-alpha.2
[INFO] [stderr]     Checking actori-utils v1.0.6
[INFO] [stderr]     Checking actori-tls v1.0.0
[INFO] [stderr]     Checking actori-server v1.0.1
[INFO] [stderr]     Checking trust-dns-resolver v0.18.0-alpha.2
[INFO] [stderr]     Checking actori-connect v1.0.2
[INFO] [stderr]     Checking actori-http v1.0.1
[INFO] [stderr]     Checking actoriwc v1.0.1 (/opt/rustwide/workdir)
[INFO] [stdout] error: cannot find derive macro `Serialize` in this scope
[INFO] [stdout]    --> src/response.rs:397:14
[INFO] [stdout]     |
[INFO] [stdout] 397 |     #[derive(Serialize, Deserialize, PartialEq, Debug)]
[INFO] [stdout]     |              ^^^^^^^^^
[INFO] [stdout] 
[INFO] [stdout] 
[INFO] [stdout] error: cannot find derive macro `Deserialize` in this scope
[INFO] [stdout]    --> src/response.rs:397:25
[INFO] [stdout]     |
[INFO] [stdout] 397 |     #[derive(Serialize, Deserialize, PartialEq, Debug)]
[INFO] [stdout]     |                         ^^^^^^^^^^^
[INFO] [stdout] 
[INFO] [stdout] 
[INFO] [stdout] error: unused imports: `Deserialize`, `Serialize`
[INFO] [stdout]    --> src/response.rs:364:17
[INFO] [stdout]     |
[INFO] [stdout] 364 |     use serde::{Deserialize, Serialize};
[INFO] [stdout]     |                 ^^^^^^^^^^^  ^^^^^^^^^
[INFO] [stdout]     |
[INFO] [stdout] note: the lint level is defined here
[INFO] [stdout]    --> src/lib.rs:1:27
[INFO] [stdout]     |
[INFO] [stdout] 1   | #![deny(rust_2018_idioms, warnings)]
[INFO] [stdout]     |                           ^^^^^^^^
[INFO] [stdout]     = note: `#[deny(unused_imports)]` implied by `#[deny(warnings)]`
[INFO] [stdout] 
[INFO] [stdout] 
[INFO] [stdout] error[E0599]: no function or associated item named `new` found for struct `response::JsonBody<_, MyObject>` in the current scope
[INFO] [stdout]    --> src/response.rs:419:45
[INFO] [stdout]     |
[INFO] [stdout] 232 | pub struct JsonBody<S, U> {
[INFO] [stdout]     | ------------------------- function or associated item `new` not found for this
[INFO] [stdout] ...
[INFO] [stdout] 398 |     struct MyObject {
[INFO] [stdout]     |     --------------- doesn't satisfy `MyObject: DeserializeOwned`
[INFO] [stdout] ...
[INFO] [stdout] 419 |         let json = JsonBody::<_, MyObject>::new(&mut req).await;
[INFO] [stdout]     |                                             ^^^ function or associated item not found in `response::JsonBody<_, MyObject>`
[INFO] [stdout]     |
[INFO] [stdout]     = note: the method `new` exists but the following trait bounds were not satisfied:
[INFO] [stdout]             `MyObject: DeserializeOwned`
[INFO] [stdout] 
[INFO] [stdout] 
[INFO] [stdout] error[E0599]: no function or associated item named `new` found for struct `response::JsonBody<_, MyObject>` in the current scope
[INFO] [stdout]    --> src/response.rs:428:45
[INFO] [stdout]     |
[INFO] [stdout] 232 | pub struct JsonBody<S, U> {
[INFO] [stdout]     | ------------------------- function or associated item `new` not found for this
[INFO] [stdout] ...
[INFO] [stdout] 398 |     struct MyObject {
[INFO] [stdout]     |     --------------- doesn't satisfy `MyObject: DeserializeOwned`
[INFO] [stdout] ...
[INFO] [stdout] 428 |         let json = JsonBody::<_, MyObject>::new(&mut req).await;
[INFO] [stdout]     |                                             ^^^ function or associated item not found in `response::JsonBody<_, MyObject>`
[INFO] [stdout]     |
[INFO] [stdout]     = note: the method `new` exists but the following trait bounds were not satisfied:
[INFO] [stdout]             `MyObject: DeserializeOwned`
[INFO] [stdout] 
[INFO] [stdout] 
[INFO] [stdout] error[E0599]: no function or associated item named `new` found for struct `response::JsonBody<_, MyObject>` in the current scope
[INFO] [stdout]    --> src/response.rs:442:45
[INFO] [stdout]     |
[INFO] [stdout] 232 | pub struct JsonBody<S, U> {
[INFO] [stdout]     | ------------------------- function or associated item `new` not found for this
[INFO] [stdout] ...
[INFO] [stdout] 398 |     struct MyObject {
[INFO] [stdout]     |     --------------- doesn't satisfy `MyObject: DeserializeOwned`
[INFO] [stdout] ...
[INFO] [stdout] 442 |         let json = JsonBody::<_, MyObject>::new(&mut req).limit(100).await;
[INFO] [stdout]     |                                             ^^^ function or associated item not found in `response::JsonBody<_, MyObject>`
[INFO] [stdout]     |
[INFO] [stdout]     = note: the method `new` exists but the following trait bounds were not satisfied:
[INFO] [stdout]             `MyObject: DeserializeOwned`
[INFO] [stdout] 
[INFO] [stdout] 
[INFO] [stdout] error[E0599]: no function or associated item named `new` found for struct `response::JsonBody<_, MyObject>` in the current scope
[INFO] [stdout]    --> src/response.rs:460:45
[INFO] [stdout]     |
[INFO] [stdout] 232 | pub struct JsonBody<S, U> {
[INFO] [stdout]     | ------------------------- function or associated item `new` not found for this
[INFO] [stdout] ...
[INFO] [stdout] 398 |     struct MyObject {
[INFO] [stdout]     |     --------------- doesn't satisfy `MyObject: DeserializeOwned`
[INFO] [stdout] ...
[INFO] [stdout] 460 |         let json = JsonBody::<_, MyObject>::new(&mut req).await;
[INFO] [stdout]     |                                             ^^^ function or associated item not found in `response::JsonBody<_, MyObject>`
[INFO] [stdout]     |
[INFO] [stdout]     = note: the method `new` exists but the following trait bounds were not satisfied:
[INFO] [stdout]             `MyObject: DeserializeOwned`
[INFO] [stdout] 
[INFO] [stdout] 
[INFO] [stdout] error[E0698]: type inside `async` block must be known in this context
[INFO] [stdout]    --> src/response.rs:442:65
[INFO] [stdout]     |
[INFO] [stdout] 442 |         let json = JsonBody::<_, MyObject>::new(&mut req).limit(100).await;
[INFO] [stdout]     |                                                                 ^^^ cannot infer type for type `{integer}`
[INFO] [stdout]     |
[INFO] [stdout] note: the type is part of the `async` block because of this `await`
[INFO] [stdout]    --> src/response.rs:442:20
[INFO] [stdout]     |
[INFO] [stdout] 442 |         let json = JsonBody::<_, MyObject>::new(&mut req).limit(100).await;
[INFO] [stdout]     |                    ^^^^^^^^^^^^^^^^^^^^^^^^^^^^^^^^^^^^^^^^^^^^^^^^^^^^^^^
[INFO] [stdout] 
[INFO] [stdout] 
[INFO] [stdout] error[E0432]: unresolved import `actori_http_test`
[INFO] [stdout]  --> tests/test_ws.rs:5:5
[INFO] [stdout]   |
[INFO] [stdout] 5 | use actori_http_test::test_server;
[INFO] [stdout]   |     ^^^^^^^^^^^^^^^^ use of undeclared type or module `actori_http_test`
[INFO] [stdout] 
[INFO] [stdout] 
[INFO] [stdout] error: aborting due to 8 previous errors
[INFO] [stdout] 
[INFO] [stdout] 
[INFO] [stdout] Some errors have detailed explanations: E0599, E0698.
[INFO] [stdout] 
[INFO] [stdout] For more information about an error, try `rustc --explain E0599`.
[INFO] [stdout] 
[INFO] [stdout] error[E0433]: failed to resolve: use of undeclared type or module `actori_web`
[INFO] [stdout]   --> tests/test_client.rs:18:5
[INFO] [stdout]    |
[INFO] [stdout] 18 | use actori_web::dev::{AppConfig, BodyEncoding};
[INFO] [stdout]    |     ^^^^^^^^^^ use of undeclared type or module `actori_web`
[INFO] [stdout] 
[INFO] [stdout] 
[INFO] [stdout] error[E0433]: failed to resolve: use of undeclared type or module `actori_web`
[INFO] [stdout]   --> tests/test_client.rs:19:5
[INFO] [stdout]    |
[INFO] [stdout] 19 | use actori_web::http::Cookie;
[INFO] [stdout]    |     ^^^^^^^^^^ use of undeclared type or module `actori_web`
[INFO] [stdout] 
[INFO] [stdout] 
[INFO] [stdout] error[E0433]: failed to resolve: use of undeclared type or module `actori_web`
[INFO] [stdout]   --> tests/test_client.rs:20:5
[INFO] [stdout]    |
[INFO] [stdout] 20 | use actori_web::middleware::Compress;
[INFO] [stdout]    |     ^^^^^^^^^^ use of undeclared type or module `actori_web`
[INFO] [stdout] 
[INFO] [stdout] 
[INFO] [stdout] error[E0433]: failed to resolve: use of undeclared type or module `actori_web`
[INFO] [stdout]   --> tests/test_client.rs:21:5
[INFO] [stdout]    |
[INFO] [stdout] 21 | use actori_web::{
[INFO] [stdout]    |     ^^^^^^^^^^ use of undeclared type or module `actori_web`
[INFO] [stdout] 
[INFO] [stdout] 
[INFO] [stdout] error[E0432]: unresolved import `actori_http_test`
[INFO] [stdout]   --> tests/test_client.rs:16:5
[INFO] [stdout]    |
[INFO] [stdout] 16 | use actori_http_test::test_server;
[INFO] [stdout]    |     ^^^^^^^^^^^^^^^^ use of undeclared type or module `actori_http_test`
[INFO] [stdout] 
[INFO] [stdout] 
[INFO] [stderr] error: could not compile `actoriwc`.
[INFO] [stderr] 
[INFO] [stderr] To learn more, run the command again with --verbose.
[INFO] [stderr] warning: build failed, waiting for other jobs to finish...
[INFO] [stdout] error[E0432]: unresolved import `actori_web`
[INFO] [stdout]   --> tests/test_client.rs:21:5
[INFO] [stdout]    |
[INFO] [stdout] 21 | use actori_web::{
[INFO] [stdout]    |     ^^^^^^^^^^ use of undeclared type or module `actori_web`
[INFO] [stdout] 
[INFO] [stdout] 
[INFO] [stdout] error: cannot determine resolution for the attribute macro `test`
[INFO] [stdout]   --> tests/test_client.rs:48:1
[INFO] [stdout]    |
[INFO] [stdout] 48 | #[actori_rt::test]
[INFO] [stdout]    | ^^^^^^^^^^^^^^^^^^
[INFO] [stdout]    |
[INFO] [stdout]    = note: import resolution is stuck, try simplifying macro imports
[INFO] [stdout]    = note: this error originates in an attribute macro (in Nightly builds, run with -Z macro-backtrace for more info)
[INFO] [stdout] 
[INFO] [stdout] 
[INFO] [stdout] error: cannot determine resolution for the attribute macro `test`
[INFO] [stdout]   --> tests/test_client.rs:75:1
[INFO] [stdout]    |
[INFO] [stdout] 75 | #[actori_rt::test]
[INFO] [stdout]    | ^^^^^^^^^^^^^^^^^^
[INFO] [stdout]    |
[INFO] [stdout]    = note: import resolution is stuck, try simplifying macro imports
[INFO] [stdout]    = note: this error originates in an attribute macro (in Nightly builds, run with -Z macro-backtrace for more info)
[INFO] [stdout] 
[INFO] [stdout] 
[INFO] [stdout] error: cannot determine resolution for the attribute macro `test`
[INFO] [stdout]   --> tests/test_client.rs:91:1
[INFO] [stdout]    |
[INFO] [stdout] 91 | #[actori_rt::test]
[INFO] [stdout]    | ^^^^^^^^^^^^^^^^^^
[INFO] [stdout]    |
[INFO] [stdout]    = note: import resolution is stuck, try simplifying macro imports
[INFO] [stdout]    = note: this error originates in an attribute macro (in Nightly builds, run with -Z macro-backtrace for more info)
[INFO] [stdout] 
[INFO] [stdout] 
[INFO] [stdout] error: cannot determine resolution for the attribute macro `test`
[INFO] [stdout]    --> tests/test_client.rs:107:1
[INFO] [stdout]     |
[INFO] [stdout] 107 | #[actori_rt::test]
[INFO] [stdout]     | ^^^^^^^^^^^^^^^^^^
[INFO] [stdout]     |
[INFO] [stdout]     = note: import resolution is stuck, try simplifying macro imports
[INFO] [stdout]     = note: this error originates in an attribute macro (in Nightly builds, run with -Z macro-backtrace for more info)
[INFO] [stdout] 
[INFO] [stdout] 
[INFO] [stdout] error: cannot determine resolution for the attribute macro `test`
[INFO] [stdout]    --> tests/test_client.rs:137:1
[INFO] [stdout]     |
[INFO] [stdout] 137 | #[actori_rt::test]
[INFO] [stdout]     | ^^^^^^^^^^^^^^^^^^
[INFO] [stdout]     |
[INFO] [stdout]     = note: import resolution is stuck, try simplifying macro imports
[INFO] [stdout]     = note: this error originates in an attribute macro (in Nightly builds, run with -Z macro-backtrace for more info)
[INFO] [stdout] 
[INFO] [stdout] 
[INFO] [stdout] error: cannot determine resolution for the attribute macro `test`
[INFO] [stdout]    --> tests/test_client.rs:161:1
[INFO] [stdout]     |
[INFO] [stdout] 161 | #[actori_rt::test]
[INFO] [stdout]     | ^^^^^^^^^^^^^^^^^^
[INFO] [stdout]     |
[INFO] [stdout]     = note: import resolution is stuck, try simplifying macro imports
[INFO] [stdout]     = note: this error originates in an attribute macro (in Nightly builds, run with -Z macro-backtrace for more info)
[INFO] [stdout] 
[INFO] [stdout] 
[INFO] [stdout] error: cannot determine resolution for the attribute macro `test`
[INFO] [stdout]    --> tests/test_client.rs:198:1
[INFO] [stdout]     |
[INFO] [stdout] 198 | #[actori_rt::test]
[INFO] [stdout]     | ^^^^^^^^^^^^^^^^^^
[INFO] [stdout]     |
[INFO] [stdout]     = note: import resolution is stuck, try simplifying macro imports
[INFO] [stdout]     = note: this error originates in an attribute macro (in Nightly builds, run with -Z macro-backtrace for more info)
[INFO] [stdout] 
[INFO] [stdout] 
[INFO] [stdout] error: cannot determine resolution for the attribute macro `test`
[INFO] [stdout]    --> tests/test_client.rs:235:1
[INFO] [stdout]     |
[INFO] [stdout] 235 | #[actori_rt::test]
[INFO] [stdout]     | ^^^^^^^^^^^^^^^^^^
[INFO] [stdout]     |
[INFO] [stdout]     = note: import resolution is stuck, try simplifying macro imports
[INFO] [stdout]     = note: this error originates in an attribute macro (in Nightly builds, run with -Z macro-backtrace for more info)
[INFO] [stdout] 
[INFO] [stdout] 
[INFO] [stdout] error: cannot determine resolution for the attribute macro `test`
[INFO] [stdout]    --> tests/test_client.rs:274:1
[INFO] [stdout]     |
[INFO] [stdout] 274 | #[actori_rt::test]
[INFO] [stdout]     | ^^^^^^^^^^^^^^^^^^
[INFO] [stdout]     |
[INFO] [stdout]     = note: import resolution is stuck, try simplifying macro imports
[INFO] [stdout]     = note: this error originates in an attribute macro (in Nightly builds, run with -Z macro-backtrace for more info)
[INFO] [stdout] 
[INFO] [stdout] 
[INFO] [stdout] error: cannot determine resolution for the attribute macro `test`
[INFO] [stdout]    --> tests/test_client.rs:321:1
[INFO] [stdout]     |
[INFO] [stdout] 321 | #[actori_rt::test]
[INFO] [stdout]     | ^^^^^^^^^^^^^^^^^^
[INFO] [stdout]     |
[INFO] [stdout]     = note: import resolution is stuck, try simplifying macro imports
[INFO] [stdout]     = note: this error originates in an attribute macro (in Nightly builds, run with -Z macro-backtrace for more info)
[INFO] [stdout] 
[INFO] [stdout] 
[INFO] [stdout] error: cannot determine resolution for the attribute macro `test`
[INFO] [stdout]    --> tests/test_client.rs:369:1
[INFO] [stdout]     |
[INFO] [stdout] 369 | #[actori_rt::test]
[INFO] [stdout]     | ^^^^^^^^^^^^^^^^^^
[INFO] [stdout]     |
[INFO] [stdout]     = note: import resolution is stuck, try simplifying macro imports
[INFO] [stdout]     = note: this error originates in an attribute macro (in Nightly builds, run with -Z macro-backtrace for more info)
[INFO] [stdout] 
[INFO] [stdout] 
[INFO] [stdout] error: cannot determine resolution for the attribute macro `test`
[INFO] [stdout]    --> tests/test_client.rs:389:1
[INFO] [stdout]     |
[INFO] [stdout] 389 | #[actori_rt::test]
[INFO] [stdout]     | ^^^^^^^^^^^^^^^^^^
[INFO] [stdout]     |
[INFO] [stdout]     = note: import resolution is stuck, try simplifying macro imports
[INFO] [stdout]     = note: this error originates in an attribute macro (in Nightly builds, run with -Z macro-backtrace for more info)
[INFO] [stdout] 
[INFO] [stdout] 
[INFO] [stdout] error: cannot determine resolution for the attribute macro `test`
[INFO] [stdout]    --> tests/test_client.rs:433:1
[INFO] [stdout]     |
[INFO] [stdout] 433 | #[actori_rt::test]
[INFO] [stdout]     | ^^^^^^^^^^^^^^^^^^
[INFO] [stdout]     |
[INFO] [stdout]     = note: import resolution is stuck, try simplifying macro imports
[INFO] [stdout]     = note: this error originates in an attribute macro (in Nightly builds, run with -Z macro-backtrace for more info)
[INFO] [stdout] 
[INFO] [stdout] 
[INFO] [stdout] error: cannot determine resolution for the attribute macro `test`
[INFO] [stdout]    --> tests/test_client.rs:456:1
[INFO] [stdout]     |
[INFO] [stdout] 456 | #[actori_rt::test]
[INFO] [stdout]     | ^^^^^^^^^^^^^^^^^^
[INFO] [stdout]     |
[INFO] [stdout]     = note: import resolution is stuck, try simplifying macro imports
[INFO] [stdout]     = note: this error originates in an attribute macro (in Nightly builds, run with -Z macro-backtrace for more info)
[INFO] [stdout] 
[INFO] [stdout] 
[INFO] [stdout] error: cannot determine resolution for the attribute macro `test`
[INFO] [stdout]    --> tests/test_client.rs:479:1
[INFO] [stdout]     |
[INFO] [stdout] 479 | #[actori_rt::test]
[INFO] [stdout]     | ^^^^^^^^^^^^^^^^^^
[INFO] [stdout]     |
[INFO] [stdout]     = note: import resolution is stuck, try simplifying macro imports
[INFO] [stdout]     = note: this error originates in an attribute macro (in Nightly builds, run with -Z macro-backtrace for more info)
[INFO] [stdout] 
[INFO] [stdout] 
[INFO] [stdout] error: cannot determine resolution for the attribute macro `test`
[INFO] [stdout]    --> tests/test_client.rs:506:1
[INFO] [stdout]     |
[INFO] [stdout] 506 | #[actori_rt::test]
[INFO] [stdout]     | ^^^^^^^^^^^^^^^^^^
[INFO] [stdout]     |
[INFO] [stdout]     = note: import resolution is stuck, try simplifying macro imports
[INFO] [stdout]     = note: this error originates in an attribute macro (in Nightly builds, run with -Z macro-backtrace for more info)
[INFO] [stdout] 
[INFO] [stdout] 
[INFO] [stdout] error: cannot determine resolution for the attribute macro `test`
[INFO] [stdout]    --> tests/test_client.rs:528:1
[INFO] [stdout]     |
[INFO] [stdout] 528 | #[actori_rt::test]
[INFO] [stdout]     | ^^^^^^^^^^^^^^^^^^
[INFO] [stdout]     |
[INFO] [stdout]     = note: import resolution is stuck, try simplifying macro imports
[INFO] [stdout]     = note: this error originates in an attribute macro (in Nightly builds, run with -Z macro-backtrace for more info)
[INFO] [stdout] 
[INFO] [stdout] 
[INFO] [stdout] error: cannot determine resolution for the attribute macro `test`
[INFO] [stdout]    --> tests/test_client.rs:664:1
[INFO] [stdout]     |
[INFO] [stdout] 664 | #[actori_rt::test]
[INFO] [stdout]     | ^^^^^^^^^^^^^^^^^^
[INFO] [stdout]     |
[INFO] [stdout]     = note: import resolution is stuck, try simplifying macro imports
[INFO] [stdout]     = note: this error originates in an attribute macro (in Nightly builds, run with -Z macro-backtrace for more info)
[INFO] [stdout] 
[INFO] [stdout] 
[INFO] [stdout] error: cannot determine resolution for the attribute macro `test`
[INFO] [stdout]    --> tests/test_client.rs:763:1
[INFO] [stdout]     |
[INFO] [stdout] 763 | #[actori_rt::test]
[INFO] [stdout]     | ^^^^^^^^^^^^^^^^^^
[INFO] [stdout]     |
[INFO] [stdout]     = note: import resolution is stuck, try simplifying macro imports
[INFO] [stdout]     = note: this error originates in an attribute macro (in Nightly builds, run with -Z macro-backtrace for more info)
[INFO] [stdout] 
[INFO] [stdout] 
[INFO] [stdout] error: cannot determine resolution for the attribute macro `test`
[INFO] [stdout]    --> tests/test_client.rs:791:1
[INFO] [stdout]     |
[INFO] [stdout] 791 | #[actori_rt::test]
[INFO] [stdout]     | ^^^^^^^^^^^^^^^^^^
[INFO] [stdout]     |
[INFO] [stdout]     = note: import resolution is stuck, try simplifying macro imports
[INFO] [stdout]     = note: this error originates in an attribute macro (in Nightly builds, run with -Z macro-backtrace for more info)
[INFO] [stdout] 
[INFO] [stdout] 
[INFO] [stdout] error[E0433]: failed to resolve: use of undeclared type or module `AppConfig`
[INFO] [stdout]    --> tests/test_client.rs:176:21
[INFO] [stdout]     |
[INFO] [stdout] 176 |                 |_| AppConfig::default(),
[INFO] [stdout]     |                     ^^^^^^^^^ use of undeclared type or module `AppConfig`
[INFO] [stdout] 
[INFO] [stdout] 
[INFO] [stdout] warning: unused import: `StreamExt`
[INFO] [stdout]  --> tests/test_ws.rs:8:24
[INFO] [stdout]   |
[INFO] [stdout] 8 | use futures::{SinkExt, StreamExt};
[INFO] [stdout]   |                        ^^^^^^^^^
[INFO] [stdout]   |
[INFO] [stdout]   = note: `#[warn(unused_imports)]` on by default
[INFO] [stdout] 
[INFO] [stdout] 
[INFO] [stdout] error[E0433]: failed to resolve: use of undeclared type or module `AppConfig`
[INFO] [stdout]    --> tests/test_client.rs:213:21
[INFO] [stdout]     |
[INFO] [stdout] 213 |                 |_| AppConfig::default(),
[INFO] [stdout]     |                     ^^^^^^^^^ use of undeclared type or module `AppConfig`
[INFO] [stdout] 
[INFO] [stdout] 
[INFO] [stdout] error: aborting due to previous error; 1 warning emitted
[INFO] [stdout] 
[INFO] [stdout] 
[INFO] [stdout] For more information about this error, try `rustc --explain E0432`.
[INFO] [stdout] 
[INFO] [stdout] error[E0433]: failed to resolve: use of undeclared type or module `AppConfig`
[INFO] [stdout]    --> tests/test_client.rs:252:21
[INFO] [stdout]     |
[INFO] [stdout] 252 |                 |_| AppConfig::default(),
[INFO] [stdout]     |                     ^^^^^^^^^ use of undeclared type or module `AppConfig`
[INFO] [stdout] 
[INFO] [stdout] 
[INFO] [stdout] error[E0433]: failed to resolve: use of undeclared type or module `AppConfig`
[INFO] [stdout]    --> tests/test_client.rs:290:21
[INFO] [stdout]     |
[INFO] [stdout] 290 |                 |_| AppConfig::default(),
[INFO] [stdout]     |                     ^^^^^^^^^ use of undeclared type or module `AppConfig`
[INFO] [stdout] 
[INFO] [stdout] 
[INFO] [stdout] error[E0433]: failed to resolve: use of undeclared type or module `AppConfig`
[INFO] [stdout]    --> tests/test_client.rs:338:21
[INFO] [stdout]     |
[INFO] [stdout] 338 |                 |_| AppConfig::default(),
[INFO] [stdout]     |                     ^^^^^^^^^ use of undeclared type or module `AppConfig`
[INFO] [stdout] 
[INFO] [stdout] 
[INFO] [stdout] error[E0433]: failed to resolve: use of undeclared type or module `header`
[INFO] [stdout]    --> tests/test_client.rs:396:30
[INFO] [stdout]     |
[INFO] [stdout] 396 |                 res.encoding(header::ContentEncoding::Gzip);
[INFO] [stdout]     |                              ^^^^^^ use of undeclared type or module `header`
[INFO] [stdout] 
[INFO] [stdout] 
[INFO] [stdout] error[E0433]: failed to resolve: use of undeclared type or module `header`
[INFO] [stdout]    --> tests/test_client.rs:771:26
[INFO] [stdout]     |
[INFO] [stdout] 771 |                     .get(header::AUTHORIZATION)
[INFO] [stdout]     |                          ^^^^^^ use of undeclared type or module `header`
[INFO] [stdout] 
[INFO] [stdout] 
[INFO] [stdout] error[E0433]: failed to resolve: use of undeclared type or module `header`
[INFO] [stdout]    --> tests/test_client.rs:799:26
[INFO] [stdout]     |
[INFO] [stdout] 799 |                     .get(header::AUTHORIZATION)
[INFO] [stdout]     |                          ^^^^^^ use of undeclared type or module `header`
[INFO] [stdout] 
[INFO] [stdout] 
[INFO] [stdout] error[E0433]: failed to resolve: use of undeclared type or module `Compress`
[INFO] [stdout]    --> tests/test_client.rs:393:19
[INFO] [stdout]     |
[INFO] [stdout] 393 |             .wrap(Compress::default())
[INFO] [stdout]     |                   ^^^^^^^^ not found in this scope
[INFO] [stdout]     |
[INFO] [stdout] help: consider importing one of these items
[INFO] [stdout]     |
[INFO] [stdout] 1   | use brotli2::raw::Compress;
[INFO] [stdout]     |
[INFO] [stdout] 1   | use flate2::Compress;
[INFO] [stdout]     |
[INFO] [stdout] 
[INFO] [stdout] 
[INFO] [stdout] error[E0433]: failed to resolve: use of undeclared type or module `Cookie`
[INFO] [stdout]    --> tests/test_client.rs:668:19
[INFO] [stdout]     |
[INFO] [stdout] 668 |     let cookie1 = Cookie::build("cookie1", "value1").finish();
[INFO] [stdout]     |                   ^^^^^^ not found in this scope
[INFO] [stdout]     |
[INFO] [stdout] help: consider importing one of these items
[INFO] [stdout]     |
[INFO] [stdout] 1   | use actori_http::http::Cookie;
[INFO] [stdout]     |
[INFO] [stdout] 1   | use actoriwc::http::Cookie;
[INFO] [stdout]     |
[INFO] [stdout] 
[INFO] [stdout] 
[INFO] [stdout] error[E0433]: failed to resolve: use of undeclared type or module `Cookie`
[INFO] [stdout]    --> tests/test_client.rs:669:19
[INFO] [stdout]     |
[INFO] [stdout] 669 |     let cookie2 = Cookie::build("cookie2", "value2")
[INFO] [stdout]     |                   ^^^^^^ not found in this scope
[INFO] [stdout]     |
[INFO] [stdout] help: consider importing one of these items
[INFO] [stdout]     |
[INFO] [stdout] 1   | use actori_http::http::Cookie;
[INFO] [stdout]     |
[INFO] [stdout] 1   | use actoriwc::http::Cookie;
[INFO] [stdout]     |
[INFO] [stdout] 
[INFO] [stdout] 
[INFO] [stdout] error: aborting due to 37 previous errors
[INFO] [stdout] 
[INFO] [stdout] 
[INFO] [stdout] Some errors have detailed explanations: E0432, E0433.
[INFO] [stdout] 
[INFO] [stdout] For more information about an error, try `rustc --explain E0432`.
[INFO] [stdout] 
[INFO] [stderr] error: build failed
[INFO] running `Command { std: "docker" "inspect" "7340e9d913ed3af135c795c8b88ca811c621c57cab8636840777e6d38fa9130f", kill_on_drop: false }`
[INFO] running `Command { std: "docker" "rm" "-f" "7340e9d913ed3af135c795c8b88ca811c621c57cab8636840777e6d38fa9130f", kill_on_drop: false }`
[INFO] [stdout] 7340e9d913ed3af135c795c8b88ca811c621c57cab8636840777e6d38fa9130f
